 l(i) = 2*i**2 - i. Let d be l(-1). Suppose -d*n - o = -16 - 212, 4*o + 397 = 5*n. Let u = -52 + n. What is the highest common factor of 10 and u?
5
Let l be -8 + 25/5 + 542. What is the greatest common divisor of 49 and l?
49
Suppose 2*a - 1818 = -264. Suppose f + 934 - 157 = 3*g, -2*f - a = -3*g. What is the greatest common divisor of g and 37?
37
Suppose 2*m = m + 33. Suppose -3*t = 4*f - 4 - 521, -2*f - 5*t + 259 = 0. What is the greatest common divisor of m and f?
33
Let z be (-1 + -9)/((-1)/8). Suppose y - z = -3*y. Let w be 10*((-27 - -27) + (0 - -1)). What is the greatest common factor of y and w?
10
Suppose 2*n + 820 = 2*y, -5*y + 0*y = -4*n - 2045. Calculate the highest common divisor of 15 and y.
15
Let i(g) = 2*g + 1. Let b be i(2). Suppose -4*l = -8*l + 64. Suppose 2*c - l = -2*j + 4, -15 = -3*c. What is the greatest common factor of j and b?
5
Let w(p) = p**2 + 6*p - 4. Let b be w(-8). Let z = b + -1. Let s be ((-84)/(-9))/(-7)*-66. Calculate the highest common divisor of s and z.
11
Suppose 0 = -4*p - 2*y + 420, p + 5*y + 28 - 133 = 0. Calculate the greatest common divisor of p and 42.
21
Suppose -2 = x, 0*n + 2*x + 4 = 2*n. Let z = 208 + -118. Suppose 3*s + 15 = 0, 0*k - 5*k + 3*s + z = n. What is the greatest common divisor of k and 5?
5
Suppose -3*i - 5*f + 335 = 0, -4*f + 452 = i + 3*i. Suppose -3*x - 12 = 2*r - 55, -4*x + 19 = r. Calculate the highest common divisor of i and r.
23
Suppose 13*x - 154 = 28. What is the greatest common divisor of 30 and x?
2
Let t(p) = -p**3 + 13*p**2 - 29*p. Let c be t(10). Suppose -4 = 3*k - k. Let u(n) = -34*n + 2. Let d be u(k). What is the greatest common factor of c and d?
10
Let w = 7 + 4. Let h = 24 - w. Suppose 5*x + 131 = 3*t, t + 0*t = x + 47. What is the greatest common divisor of t and h?
13
Suppose 2*u = 2*c + 18, -38*u = -39*u - 2*c. Let t be 2/(-3) - 24/(-9). Let m be 32/2 - (-4)/t. Calculate the highest common factor of m and u.
6
Let d = -86 + 90. Calculate the greatest common factor of 1 and d.
1
Let h be (0 - 1)*2 + (-4940)/(-13). Calculate the greatest common divisor of h and 486.
54
Let w(s) be the third derivative of -s**6/120 + 3*s**5/20 + s**4/12 + 4*s**3/3 - 9*s**2. Let u be w(6). Calculate the highest common factor of u and 32.
32
Let v(f) = 16*f - 11. Let b(s) = -1. Let i(m) = 6*b(m) - v(m). Let l = -3 + -2. Let x be i(l). What is the highest common divisor of 34 and x?
17
Let i(g) = -2*g + 8. Let n be i(2). Suppose 4 + 4 = -n*p, 0 = 5*l + 5*p - 20. Calculate the highest common divisor of 54 and l.
6
Let k = 45 - -10. Let a = k + -48. What is the highest common factor of a and 70?
7
Let g = -742 + 755. Calculate the highest common divisor of 884 and g.
13
Let z(x) = -4*x - 40. Let h be z(-15). Calculate the highest common factor of 40 and h.
20
Let d(b) = b**2 - 2*b + 12. Let m be d(5). Let i = m + -23. Calculate the greatest common factor of 36 and i.
4
Let n = 1785 + -778. Calculate the greatest common divisor of n and 19.
19
Let l = 231 + -117. Calculate the greatest common factor of 19 and l.
19
Let w be (-3 + -3)/(-6)*2. Calculate the greatest common factor of 86 and w.
2
Let q = -1008 + 1144. What is the greatest common divisor of 32 and q?
8
Suppose 175 = -3*c + 8*c. Let h = c + 16. Calculate the highest common divisor of 17 and h.
17
Suppose 5 = 3*m - 7. Let f be 86/8 + -5 + (-105)/(-20). Suppose -f*a + 40 = -6*a. What is the highest common divisor of a and m?
4
Let n(p) = -p + 1. Let u be n(-7). Let i(m) = 3*m - 2. Let l be i(u). What is the greatest common factor of l and 55?
11
Suppose -3*y - 10 = -46. Suppose 0 = j - y - 51. What is the greatest common divisor of 9 and j?
9
Suppose 4*c = -3*r - 83, -6*r = c - r + 25. Let a be (-3)/4*1*c. Calculate the highest common divisor of 15 and a.
15
Let t be 6/(0 + 3) - 40. Let s = -34 - t. Suppose -4*q - 452 = -4*m - 120, 3*q = -s*m + 311. What is the highest common factor of m and 10?
10
Suppose 3*g = -g - 8. Let t be (16 + -2)*1/g. Let b be (1 + 34/(-14))*t. Calculate the highest common factor of 80 and b.
10
Suppose -2*v = -1 - 23. Let y = v - 9. Let h = 10 + -7. What is the highest common divisor of y and h?
3
Let x be (2/(-6))/((-4)/24). Let d be 4 - (3 - 14/x). Calculate the highest common factor of d and 8.
8
Suppose -r + 39 = d, 0*r = 4*d + r - 141. Suppose 0 = -i + 4*s + d, i - s - 32 = s. Calculate the greatest common divisor of i and 105.
15
Let o be 1 + -1 + 10*6. Suppose 0 = -5*g + g - o. Let f be ((-1452)/(-15))/((-6)/g). What is the greatest common divisor of 22 and f?
22
Suppose -642*v = -635*v - 5054. What is the highest common factor of v and 38?
38
Let g(q) = 11*q + 89. Let y be g(-7). What is the greatest common divisor of 60 and y?
12
Let l(p) = 4*p - 35. Let g be l(9). Calculate the highest common factor of g and 5.
1
Suppose -2*f + 3*c = -f - 13, f = 5*c + 19. Suppose 0 = -4*d - 5*o + 97, -21 = -f*d + o + 94. What is the highest common factor of d and 42?
14
Let x be 97 + 1/(-1 + 0/(-2)). Calculate the greatest common factor of 224 and x.
32
Suppose 3*l = o + 2*l - 203, -4*o + 5*l = -810. What is the greatest common divisor of 123 and o?
41
Suppose 385 = 2*b - 231. Let a = -4607 - -4635. What is the highest common divisor of a and b?
28
Suppose 5*p = o + 1116, 26*o - 31*o - 204 = -p. What is the highest common divisor of p and 64?
32
Suppose l + 5*t = 6*t - 1, -7 = -2*l - t. Suppose -l*w = -4 - 6. Suppose 4*z = -z - r + 110, w*r = -3*z + 66. Calculate the greatest common factor of z and 176.
22
Suppose -10*f + 960 = -14*f. Let u be 1 + (-2 - f - -3). What is the greatest common divisor of 22 and u?
22
Let h(z) = 66*z**2 + z. Let q(c) = c**3 + 4*c**2 + c + 1. Let w be q(-3). Let u be 10/35 + (-9)/w. Let m be h(u). What is the highest common factor of m and 26?
13
Let m = -35 + 75. Let c = m + -42. Let i be 4 + 60/(c/(-2)). Calculate the greatest common divisor of 8 and i.
8
Suppose -2*m + 8238 = 9*j - 5*j, -16488 = -4*m - 2*j. Calculate the greatest common divisor of m and 31.
31
Let i be 8/28 + ((-6336)/(-28))/6. Calculate the highest common divisor of i and 342.
38
Let a = 1 + 1. Suppose -11*z + 1166 = 924. Calculate the highest common divisor of a and z.
2
Suppose -1698 + 480 = -7*j. Suppose 34 = -5*t + j. What is the greatest common divisor of t and 70?
14
Let f(g) = -g**2 + 3*g + 2. Let s be f(4). Let p = 6 + s. Let n be (p + 3)*(-240)/(-28). Calculate the highest common factor of 24 and n.
12
Suppose -2248 = u - 5*u + 4*p, 4*p = -4*u + 2216. Calculate the highest common factor of u and 18.
18
Suppose 4*j - 4*v - 60 = 0, -j + 0 = -4*v - 12. Let q(s) = s**3 - 2*s**2 + 6*s - 65. Let y be q(5). Calculate the greatest common divisor of j and y.
8
Suppose -5*o = -4*q + 1532, 8*o = 3*o - 20. What is the greatest common divisor of 84 and q?
42
Let h be (-69)/3 + 1 + 1. Let y be ((-18)/h)/((-1)/(-7)). Let v be (-1)/(-3) - (-1250)/30. Calculate the highest common divisor of y and v.
6
Let i = 85 + -70. Suppose 0 = 4*w - 2*y - 176, 4*w + 10*y - 176 = i*y. What is the greatest common factor of 66 and w?
22
Suppose -3*i + 0*i + 15 = 0. Suppose 0 = i*u - 78 - 7. Suppose 291 = 5*s - 134. Calculate the highest common factor of s and u.
17
Let y(c) = 319*c + 23. Let x be y(1). What is the highest common divisor of x and 266?
38
Suppose 0 = -9*y + 12*y - 6. Suppose 2*z = y, z = d - 0*d - 4. What is the greatest common factor of d and 10?
5
Suppose -10*q + 12*q = 30. Suppose -4*i = -0*i - 60. What is the highest common factor of q and i?
15
Suppose 3 = -2*t + 7. Suppose -8 = -2*z - t*z. Let p be (18/24)/(z/40). Calculate the highest common divisor of p and 105.
15
Let f(u) = -2*u**3 - 8*u**2 + 7*u - 7. Let v be f(-5). Suppose -v*j - 1440 = -12*j. What is the highest common factor of j and 36?
36
Let a(h) = -2*h - 14. Let j be a(-7). Let f be -4*(-3 + j + 1). What is the highest common factor of 16 and f?
8
Let g be -1*2/4*-6. Suppose 6*p - 19 = 15 + 38. What is the greatest common factor of g and p?
3
Let i be (7 - 6) + (-23)/(2/(-2)). Calculate the greatest common divisor of 264 and i.
24
Let f = -590 - -591. What is the highest common divisor of 7 and f?
1
Suppose -4*x + c = 139, -3*x = -c - 3*c + 88. Let p be (x/30)/((-3)/20). Let a = 37 - 25. Calculate the greatest common divisor of a and p.
4
S